{"id":363,"date":"2024-09-11T21:10:44","date_gmt":"2024-09-11T19:10:44","guid":{"rendered":"https:\/\/isabellestuckens.be\/?page_id=363"},"modified":"2024-09-12T11:11:31","modified_gmt":"2024-09-12T09:11:31","slug":"therapie-de-couple","status":"publish","type":"page","link":"https:\/\/isabellestuckens.be\/index.php\/therapie-de-couple\/","title":{"rendered":"Th\u00e9rapie de couple"},"content":{"rendered":"\n<p>\u201c<em>Quelle que soit la question relationnelle qui se pose, les conseillers conjugaux et familiaux sont des professionnels form\u00e9s \u00e0 accompagner la r\u00e9flexion de ceux, hommes, femmes, et m\u00eame enfants, qui en ont besoin. Certaines \u00e9tapes de la vie sont plus difficiles \u00e0 franchir que d\u2019autres par les ajustements qu\u2019elles demandent. Dans ces temps de crise qui viennent bousculer, voire effondrer tout ce qui a pu se construire, o\u00f9 la violence, le conflit, la col\u00e8re, la douleur, l\u2019impossibilit\u00e9 de communiquer submergent les personnes, les conseillers conjugaux et familiaux sont l\u00e0 pour accompagner, aider \u00e0 mettre des mots sur des maux, \u00e0 comprendre ce qui arrive, \u00e0 renouer le dialogue, \u00e0 \u00e9clairer les d\u00e9cisions\u201d.<\/em> (<a href=\"http:\/\/www.anccef.fr\" target=\"_blank\" rel=\"noopener nofollow\" title=\"\">www.anccef.fr<\/a>)<\/p>\n\n\n\n<p>Dans le cadre de cette consultation, je vous accueille en couple, d\u00e8s la premi\u00e8re rencontre.<\/p>\n\n\n\n<p><em>Mais \u00e0 quoi donc cela peut-il bien servir ? <\/em>est une question qui revient r\u00e9guli\u00e8rement.  <br>Venir parler de ses difficult\u00e9s \u00e0 un tiers, neutre et bienveillant, n&rsquo;est pas quelque chose d&rsquo;impudique.  Au contraire.  Les couples passent de l&rsquo;intimit\u00e9 de leur maison \u00e0 l&rsquo;intimit\u00e9 du cabinet de consultations dans lequel une total confidentialit\u00e9 est garantie. <br>Mais cela n\u00e9cessite de sortir de chez soi, dans un endroit neutre, et surtout d&rsquo;\u00eatre face \u00e0 quelqu&rsquo;un dont le cadre de travail ne permet pas de se disputer comme on le fait \u00e0 la maison. On y fait l&rsquo;exercice de se dire, le plus pos\u00e9ment possible, de se comprendre et, in fine, de se sentir compris. Ce n&rsquo;est pas un lieu de d\u00e9cision, c&rsquo;est un lieu de r\u00e9flexion, de rencontre et d&rsquo;\u00e9change. La consultation peut permettre d&rsquo;am\u00e9liorer la communication, de r\u00e9soudre certains conflits et trouver des terrains d&rsquo;entente, d&rsquo;apaiser les tensions, de r\u00e9parer la confiance, de g\u00e9rer des changements importants, et j&rsquo;en passe. <\/p>\n\n\n\n<p>Ici aussi, l&rsquo;id\u00e9e est de prendre de la hauteur et du recul vis \u00e0 vis des modes relationnels dans lesquels on s&rsquo;installe parfois sans s&rsquo;en rendre compte. <br><\/p>\n\n\n<div class=\"wp-block-image\">\n<figure class=\"aligncenter size-large is-resized\"><img loading=\"lazy\" decoding=\"async\" width=\"768\" height=\"1024\" src=\"https:\/\/isabellestuckens.be\/wp-content\/uploads\/2024\/09\/IMG_2595-768x1024.jpg\" alt=\"\" class=\"wp-image-419\" style=\"width:278px;height:auto\" srcset=\"https:\/\/isabellestuckens.be\/wp-content\/uploads\/2024\/09\/IMG_2595-768x1024.jpg 768w, https:\/\/isabellestuckens.be\/wp-content\/uploads\/2024\/09\/IMG_2595-225x300.jpg 225w, https:\/\/isabellestuckens.be\/wp-content\/uploads\/2024\/09\/IMG_2595-1152x1536.jpg 1152w, https:\/\/isabellestuckens.be\/wp-content\/uploads\/2024\/09\/IMG_2595-1536x2048.jpg 1536w, https:\/\/isabellestuckens.be\/wp-content\/uploads\/2024\/09\/IMG_2595-scaled.jpg 1920w\" sizes=\"auto, (max-width: 767px) 89vw, (max-width: 1000px) 54vw, (max-width: 1071px) 543px, 580px\" \/><\/figure>\n<\/div>\n\n\n<p><\/p>\n","protected":false},"excerpt":{"rendered":"<p>\u201cQuelle que soit la question relationnelle qui se pose, les conseillers conjugaux et familiaux sont des professionnels form\u00e9s \u00e0 accompagner la r\u00e9flexion de ceux, hommes, femmes, et m\u00eame enfants, qui en ont besoin. Certaines \u00e9tapes de la vie sont plus difficiles \u00e0 franchir que d\u2019autres par les ajustements qu\u2019elles demandent. Dans ces temps de crise &hellip; <\/p>\n<p class=\"link-more\"><a href=\"https:\/\/isabellestuckens.be\/index.php\/therapie-de-couple\/\" class=\"more-link\">Continuer la lecture<span class=\"screen-reader-text\"> de &laquo;&nbsp;Th\u00e9rapie de couple&nbsp;&raquo;<\/span><\/a><\/p>\n","protected":false},"author":1,"featured_media":443,"parent":0,"menu_order":0,"comment_status":"closed","ping_status":"closed","template":"","meta":{"footnotes":""},"class_list":["post-363","page","type-page","status-publish","has-post-thumbnail","hentry"],"aioseo_notices":[],"_links":{"self":[{"href":"https:\/\/isabellestuckens.be\/index.php\/wp-json\/wp\/v2\/pages\/363","targetHints":{"allow":["GET"]}}],"collection":[{"href":"https:\/\/isabellestuckens.be\/index.php\/wp-json\/wp\/v2\/pages"}],"about":[{"href":"https:\/\/isabellestuckens.be\/index.php\/wp-json\/wp\/v2\/types\/page"}],"author":[{"embeddable":true,"href":"https:\/\/isabellestuckens.be\/index.php\/wp-json\/wp\/v2\/users\/1"}],"replies":[{"embeddable":true,"href":"https:\/\/isabellestuckens.be\/index.php\/wp-json\/wp\/v2\/comments?post=363"}],"version-history":[{"count":9,"href":"https:\/\/isabellestuckens.be\/index.php\/wp-json\/wp\/v2\/pages\/363\/revisions"}],"predecessor-version":[{"id":435,"href":"https:\/\/isabellestuckens.be\/index.php\/wp-json\/wp\/v2\/pages\/363\/revisions\/435"}],"wp:featuredmedia":[{"embeddable":true,"href":"https:\/\/isabellestuckens.be\/index.php\/wp-json\/wp\/v2\/media\/443"}],"wp:attachment":[{"href":"https:\/\/isabellestuckens.be\/index.php\/wp-json\/wp\/v2\/media?parent=363"}],"curies":[{"name":"wp","href":"https:\/\/api.w.org\/{rel}","templated":true}]}}