{"id":365,"date":"2024-09-11T21:09:45","date_gmt":"2024-09-11T19:09:45","guid":{"rendered":"https:\/\/isabellestuckens.be\/?page_id=365"},"modified":"2024-09-16T12:10:42","modified_gmt":"2024-09-16T10:10:42","slug":"therapies-individuelles","status":"publish","type":"page","link":"https:\/\/isabellestuckens.be\/index.php\/therapies-individuelles\/","title":{"rendered":"Th\u00e9rapies individuelles"},"content":{"rendered":"\n<p>Le Conseiller Conjugal et Familial est un professionnel qualifi\u00e9, form\u00e9 pour accompagner les individus comme les couples face \u00e0 des difficult\u00e9s affectives, relationnelles (qu\u2019elles soient conjugales, amicales, familiales ou professionnelles), sexuelles ou \u00e9ducatives.<\/p>\n\n\n\n<p>Lors de ces consultations, je mets \u00e0 votre disposition une oreille attentive, d\u00e9nu\u00e9e de jugement ainsi que toute une s\u00e9rie de connaissances et d&rsquo;outils utiles \u00e0 la compr\u00e9hension  de vos pr\u00e9occupations.  La confidentialit\u00e9 est absolue et le secret professionnel s&rsquo;applique d\u00e8s le premier appel t\u00e9l\u00e9phonique. <br>Votre confort et le fait que vous vous sentiez en s\u00e9curit\u00e9 pour livrer ce que vous aimeriez partager  est au c\u0153ur de mes priorit\u00e9s. <br>Ensemble, nous r\u00e9fl\u00e9chirons \u00e0 des solutions adapt\u00e9es dans un cadre propice au retour de la s\u00e9r\u00e9nit\u00e9 et de l&rsquo;apaisement, ou \u00e0 l&rsquo;impulsion de changements positifs dans votre vie, selon votre cheminement personnel.<\/p>\n\n\n<div class=\"wp-block-image\">\n<figure class=\"aligncenter size-full is-resized\"><img loading=\"lazy\" decoding=\"async\" width=\"600\" height=\"530\" src=\"https:\/\/isabellestuckens.be\/wp-content\/uploads\/2024\/09\/448210695_10161595288670209_7356309024257052901_n.jpg\" alt=\"\" class=\"wp-image-387\" style=\"width:268px;height:auto\" srcset=\"https:\/\/isabellestuckens.be\/wp-content\/uploads\/2024\/09\/448210695_10161595288670209_7356309024257052901_n.jpg 600w, https:\/\/isabellestuckens.be\/wp-content\/uploads\/2024\/09\/448210695_10161595288670209_7356309024257052901_n-300x265.jpg 300w\" sizes=\"auto, (max-width: 600px) 100vw, 600px\" \/><\/figure>\n<\/div>\n\n\n<h2 class=\"wp-block-heading\">Th\u00e9rapie classique<\/h2>\n\n\n\n<p>L&rsquo;espace de la rencontre n&rsquo;est pas un espace dans lequel vous prenez des d\u00e9cisions, c&rsquo;est un espace dans lequel vous prenez le temps de r\u00e9fl\u00e9chir avec une personne tiers qui introduit de la distance dans la r\u00e9flexion, qui vous permet d&rsquo;observer les choses avec davantage de hauteur ; Un espace dans lequel on accueille les \u00e9motions, quelles qu&rsquo;elles soient, dans le quel on prend le temps de r\u00e9fl\u00e9chir, de soigner les blessures, d&rsquo;\u00e9largir le champ des possibles et surtout, d&rsquo;\u00e9changer tout simplement.<\/p>\n\n\n\n<p>Au sein des professionnels de la sant\u00e9 mentale, on a coutume de dire que la personne qui prend son t\u00e9l\u00e9phone pour prendre rendez-vous a fait, \u00e0 ce moment-l\u00e0, le plus grosse partie du chemin. C&rsquo;est l&rsquo;impulsion pr\u00e9cieuse qui enclenche le changement &#8230; <br>C&rsquo;est souvent qu&rsquo;iel est pr\u00eat.e. <br>Et vous, \u00eates-vous pr\u00eat.e ? <br>Si vous avez lu ce texte jusqu&rsquo;ici, il y a fort \u00e0 parier que votre motivation est \u00e0 maturit\u00e9. <br>Un appel ne co\u00fbte rien, et si vous \u00eates dans les difficult\u00e9s, ne restez pas seul.e&#8230; <br>Il est fort possible qu&rsquo;ensemble, vous et moi, on puisse vous aider.<\/p>\n\n\n<div class=\"wp-block-image\">\n<figure class=\"aligncenter size-large is-resized\"><img loading=\"lazy\" decoding=\"async\" width=\"768\" height=\"1024\" src=\"https:\/\/isabellestuckens.be\/wp-content\/uploads\/2024\/08\/IMG_2582-768x1024.jpg\" alt=\"\" class=\"wp-image-346\" style=\"width:268px;height:auto\" srcset=\"https:\/\/isabellestuckens.be\/wp-content\/uploads\/2024\/08\/IMG_2582-768x1024.jpg 768w, https:\/\/isabellestuckens.be\/wp-content\/uploads\/2024\/08\/IMG_2582-225x300.jpg 225w, https:\/\/isabellestuckens.be\/wp-content\/uploads\/2024\/08\/IMG_2582-1152x1536.jpg 1152w, https:\/\/isabellestuckens.be\/wp-content\/uploads\/2024\/08\/IMG_2582-1536x2048.jpg 1536w, https:\/\/isabellestuckens.be\/wp-content\/uploads\/2024\/08\/IMG_2582-scaled.jpg 1920w\" sizes=\"auto, (max-width: 767px) 89vw, (max-width: 1000px) 54vw, (max-width: 1071px) 543px, 580px\" \/><\/figure>\n<\/div>\n\n\n<h2 class=\"wp-block-heading\">Th\u00e9rapie par l&rsquo;hypnose<\/h2>\n\n\n\n<p>L&rsquo;hypnose est un outil tr\u00e8s efficace mais qui peut parfois faire peur, faute de connaissances sur le sujet.<\/p>\n\n\n\n<p>Dans le cadre de cette consultation, loin de l&rsquo;hypnose de spectacle ou de divertissement, je pratique l&rsquo;hypnose conversationnelle strat\u00e9gique&nbsp;(Psychoth\u00e9rapie du Traumatisme R\u00e9associative (PTR) ).  Elle s&rsquo;adresse \u00e0 tous.<br>Quand on parle d\u2019hypnose, on parle souvent d\u2019\u00e9tat \u00ab&nbsp;modifi\u00e9&nbsp;\u00bb de la conscience. Comprenez par l\u00e0, un \u00e9tat de concentration durant lequel vos facult\u00e9s sont accapar\u00e9es par une ou plusieurs id\u00e9es vous rendant momentan\u00e9ment indiff\u00e9rent \u00e0 d&rsquo;autres consid\u00e9rations.<\/p>\n\n\n\n<p>Il est important de comprendre qu\u2019un \u00e9tat \u00ab\u00a0modifi\u00e9 de la conscience\u00a0\u00bb n\u2019est, en aucun cas, un \u00e9tat d\u2019inconscience.<br>Au contraire, comme son nom l\u2019indique, l\u2019hypnose conversationnelle strat\u00e9gique est bas\u00e9e sur une conversation que nous menons ensemble durant la s\u00e9ance d\u2019hypnose.<br>Cette conversation est qualifi\u00e9e de \u00ab&nbsp;strat\u00e9gique&nbsp;\u00bb, dans le sens ou nous sommes actifs, ensemble, unis dans un processus de mieux-\u00eatre.<\/p>\n\n\n\n<p>L\u2019hypnose PTR est le fruit de l\u2019usage par la personne de sa m\u00e9moire et de son imaginaire pour all\u00e9ger ce qu\u2019il est n\u00e9cessaire d\u2019all\u00e9ger ou rendre supportable ce qui ne l\u2019est plus.<br>L\u2019id\u00e9e n&rsquo;est pas d\u2019oublier le <strong>pass\u00e9<\/strong> mais d&rsquo;en all\u00e9ger le poids. Elle est particuli\u00e8rement adapt\u00e9e pour la d\u00e9sensibilisation des stress traumatiques, pour le soulagement de l&rsquo;anxi\u00e9t\u00e9 et des phobies et des probl\u00e8mes relationnels.<\/p>\n\n\n<div class=\"wp-block-image\">\n<figure class=\"aligncenter size-full is-resized\"><img loading=\"lazy\" decoding=\"async\" width=\"526\" height=\"586\" src=\"https:\/\/isabellestuckens.be\/wp-content\/uploads\/2024\/09\/448347378_517535090596756_5276016832565766293_n.jpg\" alt=\"\" class=\"wp-image-388\" style=\"width:245px;height:auto\" srcset=\"https:\/\/isabellestuckens.be\/wp-content\/uploads\/2024\/09\/448347378_517535090596756_5276016832565766293_n.jpg 526w, https:\/\/isabellestuckens.be\/wp-content\/uploads\/2024\/09\/448347378_517535090596756_5276016832565766293_n-269x300.jpg 269w\" sizes=\"auto, (max-width: 526px) 100vw, 526px\" \/><\/figure>\n<\/div>\n\n\n<p>L\u2019hypnose agit aussi sur le <strong>pr\u00e9sent<\/strong> en vous aidant \u00e0 modifier les comportements que vous souhaitez modifier ou en aidant \u00e0 g\u00e9rer des situations difficiles. Elle aide \u00e0 retrouver du contr\u00f4le sur soi et sur sa vie.<\/p>\n\n\n\n<p>L\u2019hypnose permet aussi d\u2019appr\u00e9hender plus sereinement le <strong>futur<\/strong> en se pr\u00e9parant \u00e0 des situations inhabituelles, stressantes ou nouvelles.<br><br>Si vous voulez en savoir plus, je vous propose cette vid\u00e9o de pr\u00e9sentation de l&rsquo;hypnose. <br><a href=\"https:\/\/www.facebook.com\/fabienolicard?__cft__[0]=AZUfZdyQ64lskJn02jaNm1gzXLVrqIqXGLPsr3vkkm9xBAvarVe335K4HVKpUNI7cavJn6h105pYk-5Unt7LOjaRGmk1n9sP_cGOEKfwFDeKacjqbsGbIqu9uD6TEdL5wmUnu1KafQGWeSK7oTbqksIiqFqMu3STVYxpAVM9hf-dDVobGXIVBbl36jP64w5B-K43nVhG1uR6pwOf5qKRDTTp-FGktpno0OnVq2FjDZQMKd0PFNXESH1OsqGHR9_FDak&amp;__tn__=-]K-R\">Fabien Olicard<\/a>, c\u00e9l\u00e8bre mentaliste et passionn\u00e9 du fonctionnement du cerveau humain, explique de mani\u00e8re simplifi\u00e9e et ludique ce qu&rsquo;est l&rsquo;hypnose : Que se passe t-il dans votre cerveau sous hypnose ? <\/p>\n\n\n\n<p class=\"has-text-color has-link-color wp-elements-254843871b793ac431db92c9a074d46c\" style=\"color:#2877a5\"><a href=\"https:\/\/www.facebook.com\/share\/v\/SPHoDyC6Kapb4Zvt\/\" target=\"_blank\" rel=\"noopener\" title=\"\">https:\/\/www.facebook.com\/share\/v\/SPHoDyC6Kapb4Zvt\/<\/a><\/p>\n\n\n\n<h2 class=\"wp-block-heading\">Quelques pr\u00e9cisions concernant les demandes li\u00e9es \u00e0 la perte de poids et \u00e0 l&rsquo;arr\u00eat du tabagisme qui sont fr\u00e9quentes :  <\/h2>\n\n\n<div class=\"wp-block-image\">\n<figure class=\"aligncenter size-full is-resized\"><img loading=\"lazy\" decoding=\"async\" width=\"720\" height=\"960\" src=\"https:\/\/isabellestuckens.be\/wp-content\/uploads\/2024\/09\/311939378_875566403813494_8862415592382946071_n.jpg\" alt=\"\" class=\"wp-image-389\" style=\"width:265px;height:auto\" srcset=\"https:\/\/isabellestuckens.be\/wp-content\/uploads\/2024\/09\/311939378_875566403813494_8862415592382946071_n.jpg 720w, https:\/\/isabellestuckens.be\/wp-content\/uploads\/2024\/09\/311939378_875566403813494_8862415592382946071_n-225x300.jpg 225w\" sizes=\"auto, (max-width: 720px) 100vw, 720px\" \/><\/figure>\n<\/div>\n\n\n<p>Arr\u00eater de fumer et perdre du poids sont des situations qui ont en commun les essais \u00e0 r\u00e9p\u00e9tition, avec le lot de d\u00e9couragement qui va avec.  Ces deux objectifs rel\u00e8vent de probl\u00e9matiques complexes et multifactorielles. <br>L&rsquo;approche que je propose est de s\u2019int\u00e9resser de pr\u00e8s \u00e0 ce poids ou \u00e0 ce tabagisme.  R\u00e9fl\u00e9chissons ensemble \u00e0 la place et au sens que les comportements li\u00e9s au tabagisme ou \u00e0 l&rsquo;alimentation ont occup\u00e9s tout au  long de votre vie.  <\/p>\n\n\n\n<p>En ce qui concerne le tabagisme &#8230; <em>Qui fume dans votre famille ?  Quand et comment avez-vous commencez \u00e0 fumer ?  Dans quelle situation avez-vous l&rsquo;impression d&rsquo;\u00e9touffer ? Vous pensez-vous capable d&rsquo;y arriver ? <\/em>Etc.<br>Arr\u00eatez totalement et d\u00e9finitivement de fumer est une chose difficile qui n\u00e9cessite une forte d\u00e9termination et beaucoup de soutien. Or, on est souvent seul face \u00e0 l&rsquo;arr\u00eat du tabac. L&rsquo;industrie du tabac a d\u00e9velopp\u00e9 un produit qui cr\u00e9e une d\u00e9pendance extr\u00eame chez les sujets les plus sensibles, car nous ne sommes pas non plus tous \u00e9gaux face \u00e0 la d\u00e9pendance. Et pourtant, il est possible d&rsquo;arr\u00eater !<br>Ensemble, nous allons travailler votre rapport \u00e0 la d\u00e9cision (ce qui la renforce ou ce qui la fragilise) et, au fur et \u00e0 mesure des rencontres, des s\u00e9ances d&rsquo;hypnose viendront ponctuer le travail pour d\u00e9sensibiliser les moments critiques qui appellent une cigarette.<\/p>\n\n\n\n<p><\/p>\n\n\n\n<p>Par rapport au poids&#8230;  <em>Ou en \u00eates-vous avec la notion de plaisir dans votre vie ? Quelle place avez-vous dans votre famille, dans votre couple ?  Comment gu\u00e9rir du regard des gens ? des remarques d\u00e9sobligeantes trop souvent entendues ? Comment se lib\u00e9rer de la honte \u00e9ventuelle, de la culpabilit\u00e9 ? Quel est votre degr\u00e9 de confiance en vous par rapport \u00e0 l&rsquo;objectif que vous vous \u00eates assign\u00e9 ? <\/em><br>Au fur et \u00e0 mesure des rencontres, des s\u00e9ances d&rsquo;hypnose viendront ponctuer le travail pour apaiser et soulager certains moments de vie et d\u00e9bloquer les verrous qui emp\u00eachent une \u00e9volution sereine et efficace. <\/p>\n\n\n\n<p>Autrement dit, je ne vends pas de miracle. Je ne compte pas de calories et ne manifeste pas d&rsquo;int\u00e9r\u00eat particulier aux chiffres qui s&rsquo;indiquent sur votre balance mais seulement \u00e0 la satisfaction ou l&rsquo;insatisfaction qu&rsquo;ils vous procurent. <br>De nombreux centres sp\u00e9cialis\u00e9s offrent une prise en charge qui se veut compl\u00e8te : <br>M\u00e9decin, di\u00e9t\u00e9ticien, nutritionniste, coach sportif, salon d&rsquo;esth\u00e9tique, soutien par une application smartphone, et c&rsquo;est tr\u00e8s bien ! Mais, \u00e0 mon sens, trop peu s\u2019int\u00e9ressent au v\u00e9cu des personnes, \u00e0 leur \u00e9tat d&rsquo;esprit, \u00e0 leur estime d&rsquo;eux-m\u00eames, \u00e0 la confiance qu&rsquo;ils ont en eux, aux souffrances qui les fragilisent. <br>L&rsquo;accompagnement qui vous est propos\u00e9 est un travail de soutien \u00e0 la motivation et \u00e0 la d\u00e9cision, mais aussi \u00e0 l&rsquo;apaisement et \u00e0 la r\u00e9conciliation d&rsquo;avec vous-m\u00eames si n\u00e9cessaire.<\/p>\n\n\n\n<p>En ce sens, la consultation est ouverte aussi \u00e0 toute personne qui a choisi l&rsquo;option chirurgicale, mais pour laquelle l\u2019adaptation n&rsquo;est peut-\u00eatre pas simple&#8230;<\/p>\n","protected":false},"excerpt":{"rendered":"<p>Le Conseiller Conjugal et Familial est un professionnel qualifi\u00e9, form\u00e9 pour accompagner les individus comme les couples face \u00e0 des difficult\u00e9s affectives, relationnelles (qu\u2019elles soient conjugales, amicales, familiales ou professionnelles), sexuelles ou \u00e9ducatives. Lors de ces consultations, je mets \u00e0 votre disposition une oreille attentive, d\u00e9nu\u00e9e de jugement ainsi que toute une s\u00e9rie de connaissances &hellip; <\/p>\n<p class=\"link-more\"><a href=\"https:\/\/isabellestuckens.be\/index.php\/therapies-individuelles\/\" class=\"more-link\">Continuer la lecture<span class=\"screen-reader-text\"> de &laquo;&nbsp;Th\u00e9rapies individuelles&nbsp;&raquo;<\/span><\/a><\/p>\n","protected":false},"author":1,"featured_media":441,"parent":0,"menu_order":0,"comment_status":"closed","ping_status":"closed","template":"","meta":{"footnotes":""},"class_list":["post-365","page","type-page","status-publish","has-post-thumbnail","hentry"],"aioseo_notices":[],"_links":{"self":[{"href":"https:\/\/isabellestuckens.be\/index.php\/wp-json\/wp\/v2\/pages\/365","targetHints":{"allow":["GET"]}}],"collection":[{"href":"https:\/\/isabellestuckens.be\/index.php\/wp-json\/wp\/v2\/pages"}],"about":[{"href":"https:\/\/isabellestuckens.be\/index.php\/wp-json\/wp\/v2\/types\/page"}],"author":[{"embeddable":true,"href":"https:\/\/isabellestuckens.be\/index.php\/wp-json\/wp\/v2\/users\/1"}],"replies":[{"embeddable":true,"href":"https:\/\/isabellestuckens.be\/index.php\/wp-json\/wp\/v2\/comments?post=365"}],"version-history":[{"count":15,"href":"https:\/\/isabellestuckens.be\/index.php\/wp-json\/wp\/v2\/pages\/365\/revisions"}],"predecessor-version":[{"id":398,"href":"https:\/\/isabellestuckens.be\/index.php\/wp-json\/wp\/v2\/pages\/365\/revisions\/398"}],"wp:featuredmedia":[{"embeddable":true,"href":"https:\/\/isabellestuckens.be\/index.php\/wp-json\/wp\/v2\/media\/441"}],"wp:attachment":[{"href":"https:\/\/isabellestuckens.be\/index.php\/wp-json\/wp\/v2\/media?parent=365"}],"curies":[{"name":"wp","href":"https:\/\/api.w.org\/{rel}","templated":true}]}}